{"id":15536,"date":"2021-08-23T10:59:20","date_gmt":"2021-08-23T08:59:20","guid":{"rendered":"https:\/\/informatica.uniurb.it\/triennale\/?page_id=15536"},"modified":"2022-03-28T12:30:23","modified_gmt":"2022-03-28T10:30:23","slug":"ventennale","status":"publish","type":"page","link":"https:\/\/informatica.uniurb.it\/triennale\/ventennale\/","title":{"rendered":"2001-2021: Ventennale Informatica Applicata"},"content":{"rendered":"<h2 style=\"text-align: center;\">Scienza, Metodologia e Tecnologia dell&#8217;Informazione:<br \/>\nVenti Anni di Informatica a Urbino (2001-2021)<\/h2>\n<p>&nbsp;<\/p>\n<p><span style=\"font-family: Consolas, Monaco, monospace;\">Tra il 2000 e il 2001 presso l&#8217;Universit\u00e0 di Urbino venne progettato il corso di laurea in Informatica Applicata, le cui lezioni iniziarono nell&#8217;autunno del 2001. Ultimo tra i corsi di laurea dell&#8217;allora classe 26 (ora L-31) ad essere attivato in Italia, si \u00e8 caratterizzato da subito per una forte sinergia tra le scienze informatiche e l&#8217;ingegneria dell&#8217;informazione come dimostrano la composizione della commissione istitutiva prima e del corpo docente poi, nonch\u00e9 la formulazione del piano degli studi orientata verso un bilanciamento tra aspetti scientifici, metodologici e tecnologici dell&#8217;informatica.<\/span><\/p>\n<div class=\"gs\">\n<div class=\"\">\n<div id=\":1wy\" class=\"ii gt\">\n<pre>Luned\u00ec <strong>13\/09\/2021<\/strong>, presso l'<strong>Aula Magna di Collegio Raffaello<\/strong>, si celebreranno i venti anni dall'attivazione del corso di laurea in Informatica Applicata. L'evento, che si svolger\u00e0 in presenza a Urbino nel rispetto delle limitazioni vigenti per l'emergenza Covid-19 e potr\u00e0 essere seguito a distanza in diretta, sar\u00e0 l'occasione per riflettere sull'evoluzione dell'informatica e sulle sue direzioni strategiche con accademici, laureati e aziende del settore.<\/pre>\n<pre>I video della giornata sono disponibili sul canale <a href=\"https:\/\/youtube.com\/playlist?list=PLc-H-5HL6eWp605CMA7IiEJqQg2yLj8vO\" target=\"_blank\" rel=\"noopener\">YouTube<\/a> del Corso di Laurea in Informatica Applicata.\r\n<\/pre>\n<pre><strong><a href=\"https:\/\/www.youtube.com\/playlist?list=PLc-H-5HL6eWp605CMA7IiEJqQg2yLj8vO\" target=\"_blank\" rel=\"attachment noopener wp-att-15655\"><img loading=\"lazy\" decoding=\"async\" class=\"aligncenter wp-image-15655\" src=\"https:\/\/informatica.uniurb.it\/triennale\/wp-content\/uploads\/page\/ventennale\/ventennale_Informatica_Applicata-1024x576.png\" alt=\"\" width=\"960\" height=\"540\" srcset=\"https:\/\/informatica.uniurb.it\/triennale\/wp-content\/uploads\/page\/ventennale\/ventennale_Informatica_Applicata-1024x576.png 1024w, https:\/\/informatica.uniurb.it\/triennale\/wp-content\/uploads\/page\/ventennale\/ventennale_Informatica_Applicata-300x169.png 300w, https:\/\/informatica.uniurb.it\/triennale\/wp-content\/uploads\/page\/ventennale\/ventennale_Informatica_Applicata-768x432.png 768w, https:\/\/informatica.uniurb.it\/triennale\/wp-content\/uploads\/page\/ventennale\/ventennale_Informatica_Applicata-1536x864.png 1536w, https:\/\/informatica.uniurb.it\/triennale\/wp-content\/uploads\/page\/ventennale\/ventennale_Informatica_Applicata-210x118.png 210w, https:\/\/informatica.uniurb.it\/triennale\/wp-content\/uploads\/page\/ventennale\/ventennale_Informatica_Applicata-290x163.png 290w, https:\/\/informatica.uniurb.it\/triennale\/wp-content\/uploads\/page\/ventennale\/ventennale_Informatica_Applicata-450x253.png 450w, https:\/\/informatica.uniurb.it\/triennale\/wp-content\/uploads\/page\/ventennale\/ventennale_Informatica_Applicata.png 1920w\" sizes=\"auto, (max-width: 960px) 100vw, 960px\" \/><\/a>Programma dell'evento<\/strong>:\r\n\r\n09:00 - 09:30 Saluti istituzionali<\/pre>\n<pre>- Prof. Giorgio Calcagnini (Magnifico Rettore)\r\n- Prof. Mauro Magnani (Prorettore Valorizzazione e Sviluppo del Patrimonio)\r\n- Prof. Andrea Vicer\u00e9 (Direttore Dipartimento di Scienze Pure e Applicate)\r\n- Prof. Vincenzo Fano (Presidente Scuola di Scienze, Tecnologie e Filosofia dell'Informazione)<\/pre>\n<pre>09:30 - 11:00 Genesi del corso di laurea ed evoluzione dell'informatica (moderatore: Prof. <a href=\"https:\/\/informatica.uniurb.it\/triennale\/wp-content\/uploads\/bernardo.pdf\" target=\"_blank\" rel=\"noopener\">Marco Bernardo<\/a>)\r\n\r\n- Prof. <a href=\"https:\/\/informatica.uniurb.it\/triennale\/wp-content\/uploads\/magnani.pdf\" target=\"_blank\" rel=\"noopener\">Mauro Magnani<\/a> (presidente commissione istitutiva, ordinario BIO\/10 presso UniUrb)\r\n- Prof. Lorenzo Donatiello (componente commissione, ordinario INF\/01 presso UniBo)\r\n- Prof. Enrico Macii (componente commissione, ordinario ING-INF\/05 presso PoliTo)\r\n- Prof. Bruno Ricc\u00f2 (componente commissione, gi\u00e0 ordinario ING-INF\/01 presso UniBo)<\/pre>\n<pre>11:00 - 11:30 pausa caff\u00e8\r\n\r\n11:30 - 13:15 Direzioni strategiche dell'informatica (moderatore: Prof. Alessandro Bogliolo)\r\n\r\n- Prof. Giuseppe Attardi (gi\u00e0 ordinario INF\/01 presso UniPi, ex coordinatore CSD GARR) \u00a0 \u00a0 \r\n     <a href=\"https:\/\/informatica.uniurb.it\/triennale\/wp-content\/uploads\/attardi.pdf\" target=\"_blank\" rel=\"noopener\">\"Un Cloud per il Nostro Futuro\"<\/a> \r\n- Prof.ssa Paola Inverardi (ordinaria INF\/01 presso UniAq, ex rettrice, componente CUN) \u00a0 \u00a0 \u00a0 \r\n     <a href=\"https:\/\/informatica.uniurb.it\/triennale\/wp-content\/uploads\/inverardi.pdf\" target=\"_blank\" rel=\"noopener\">\"Autonomia nei Sistemi ed Etica delle Decisioni: La Prospettiva dell'Utente\"<\/a>\r\n- Prof. Enrico Nardelli (ordinario INF\/01 presso UniRoma2, presidente Informatics Europe) \u00a0 \u00a0 \u00a0 \r\n     <a href=\"https:\/\/informatica.uniurb.it\/triennale\/wp-content\/uploads\/nardelli.pdf\" target=\"_blank\" rel=\"noopener\">\"Insegnamento dell'Informatica: Una Sfida per la Societ\u00e0 del 21\u00b0 Secolo\"<\/a> \r\n\r\n13:30 - 14:30 pranzo \r\n\r\n15:00 - 16:00 Relazione invitata (moderatore: Prof. Marco Bernardo) \r\n\r\n- Prof. Scott Smolka (distinguished professor at Stony Brook University, co-recipient of 2021 Dijkstra Prize)\r\n     <a href=\"https:\/\/informatica.uniurb.it\/triennale\/wp-content\/uploads\/smolka.pdf\" target=\"_blank\" rel=\"noopener\">\"A Bird's Eye View of Flocking (version 2.0)\"<\/a> \r\n\r\n16:00 - 16:30 pausa caff\u00e8 \r\n\r\n16:30 - 18:30 Tavola rotonda con aziende e laureati (moderatore: Prof. Alessandro Aldini) \r\n\r\n- Giovanni Marr\u00e8 (CEO ItConsult srl e Presidente gruppo merceologico Informatica Confindustria Pesaro Urbino) \r\n- Alex Pagnoni (CEO Innoteam srl e CTO Mentor) \r\n- Luca Romanelli (Managing Director Bax srl) \r\n- Paolo Tarchioni (Direttore Innovazione Biesse Group) \r\n- Flavio Tonetto (co-CEO e Responsabile Lean Technology Sinergia srl) \r\n- Primo laureato anno accademico 2003\/2004: Andrea Seraghiti (Universit\u00e0 di Padova)\r\n- Miglior laureata anno accademico 2018\/2019: Maria Serena Gruosso (Advancia Technology srl)\r\n- Laureati in Informatica Applicata che si sono particolarmente distinti nel mondo del lavoro: \r\nCatia Abderhalden, Giulia Briscolini, Alessandro Capotondi, Diego Casalini, Luca Cinti, Daniele Di Lucido, Monica Giambitto, Gianluca Lazzarini, Andrea Painelli.<\/pre>\n<\/div>\n<pre class=\"hi\"><strong>Rassegna stampa:<\/strong>\r\n\r\n- <a href=\"https:\/\/www.uniurb.it\/comunicati\/35249\" target=\"_blank\" rel=\"noopener\">Comunicato stampa UniUrb<\/a>\r\n- <a href=\"https:\/\/www.rainews.it\/tgr\/marche\/notiziari\/index.html?\/tgr\/video\/2021\/09\/ContentItem-a817edb7-7d70-4275-a9e0-3bf8759c7b9a.html\" target=\"_blank\" rel=\"noopener\">Servizio TG3 Marche<\/a> - 13\/09\/2021 ore 14:00 - inizio minuto 12:36\r\n- <a href=\"https:\/\/www.rainews.it\/tgr\/marche\/notiziari\/index.html?\/tgr\/video\/2021\/09\/ContentItem-9416d5d8-b684-40f3-a24a-e22227d64868.html\" target=\"_blank\" rel=\"noopener\">Servizio TG3 Marche<\/a> - 13\/09\/2021 ore 19:30 - inizio minuto 15:33\r\n- <a href=\"https:\/\/www.youtube.com\/watch?v=8ybRwl5Bu2Y\" target=\"_blank\" rel=\"noopener\">Servizio TG Tele2000<\/a> - 13\/09\/2021 ore 21:00\r\n- <a href=\"https:\/\/informatica.uniurb.it\/triennale\/wp-content\/uploads\/articolo_2021_09_14.pdf\" target=\"_blank\" rel=\"noopener\">Articolo Resto del Carlino<\/a> - 14\/09\/2021\r\n- <a href=\"http:\/\/www.ilducato.it\/2021\/09\/14\/ventanni-di-informatica-a-uniurb-innovazione-al-servizio-dellateneo\/\" target=\"_blank\" rel=\"noopener\">Articolo Il Ducato<\/a> - 14\/09\/2021<\/pre>\n<\/div>\n<\/div>\n","protected":false},"excerpt":{"rendered":"<p>Scienza, Metodologia e Tecnologia dell&#8217;Informazione: Venti Anni di Informatica a Urbino (2001-2021) &nbsp; Tra il 2000 e il 2001 presso l&#8217;Universit\u00e0 di Urbino venne progettato il corso di laurea in Informatica Applicata, le cui lezioni iniziarono nell&#8217;autunno del 2001. Ultimo tra i corsi di laurea dell&#8217;allora classe 26 (ora L-31) ad essere attivato in Italia,&hellip;<\/p>\n","protected":false},"author":19,"featured_media":0,"parent":0,"menu_order":0,"comment_status":"closed","ping_status":"closed","template":"","meta":{"_acf_changed":false,"footnotes":""},"class_list":["post-15536","page","type-page","status-publish","hentry","entry","no-media"],"acf":[],"_links":{"self":[{"href":"https:\/\/informatica.uniurb.it\/triennale\/wp-json\/wp\/v2\/pages\/15536","targetHints":{"allow":["GET"]}}],"collection":[{"href":"https:\/\/informatica.uniurb.it\/triennale\/wp-json\/wp\/v2\/pages"}],"about":[{"href":"https:\/\/informatica.uniurb.it\/triennale\/wp-json\/wp\/v2\/types\/page"}],"author":[{"embeddable":true,"href":"https:\/\/informatica.uniurb.it\/triennale\/wp-json\/wp\/v2\/users\/19"}],"replies":[{"embeddable":true,"href":"https:\/\/informatica.uniurb.it\/triennale\/wp-json\/wp\/v2\/comments?post=15536"}],"version-history":[{"count":61,"href":"https:\/\/informatica.uniurb.it\/triennale\/wp-json\/wp\/v2\/pages\/15536\/revisions"}],"predecessor-version":[{"id":15973,"href":"https:\/\/informatica.uniurb.it\/triennale\/wp-json\/wp\/v2\/pages\/15536\/revisions\/15973"}],"wp:attachment":[{"href":"https:\/\/informatica.uniurb.it\/triennale\/wp-json\/wp\/v2\/media?parent=15536"}],"curies":[{"name":"wp","href":"https:\/\/api.w.org\/{rel}","templated":true}]}}