{"id":1042,"date":"2023-11-29T18:48:22","date_gmt":"2023-11-29T17:48:22","guid":{"rendered":"https:\/\/informatica.uniurb.it\/magistrale\/?page_id=1042"},"modified":"2025-10-08T10:24:06","modified_gmt":"2025-10-08T08:24:06","slug":"sbocchi-occupazionali","status":"publish","type":"page","link":"https:\/\/informatica.uniurb.it\/magistrale\/post-laurea\/sbocchi-occupazionali\/","title":{"rendered":"Sbocchi occupazionali"},"content":{"rendered":"<div class=\"wpb-content-wrapper\">[vc_row][vc_column css=&#8221;.vc_custom_1759911844770{margin-bottom: 20px !important;}&#8221;][vc_column_text]Chi si laurea in Informatica e Innovazione Digitale ha ottime prospettive nel mercato del lavoro come dimostrato dai dati pubblicati da AlmaLaurea. Le opportunit\u00e0 di lavoro sono veicolate sia da chi funge da <a href=\"https:\/\/informatica.uniurb.it\/magistrale\/informazioni\/responsabili-segreterie-e-sedi\/\" rel=\"noopener\">Responsabile Tirocini e Job Placement<\/a> del Corso di Laurea Magistrale che dall&#8217;<a href=\"https:\/\/www.uniurb.it\/studiaconnoi\/laureati\/placement-e-mondo-del-lavoro\" target=\"_blank\" rel=\"noreferrer noopener\">Ufficio Placement<\/a> dell&#8217;Ateneo.<\/p>\n<p>Gli sbocchi occupazionali sono presso:<\/p>\n<ul>\n<li>Aziende produttrici di software.<\/li>\n<li>Aziende ed enti di ricerca e sviluppo nell&#8217;ambito ICT.<\/li>\n<li>Centri di calcolo pubblici e privati.<\/li>\n<li>Aziende fornitrici di servizi informatici e gestionali.<\/li>\n<li>Enti pubblici e privati con esigenze di gestione e analisi di big data.<\/li>\n<li>Aziende in ogni settore produttivo e di servizi con esigenze di gestione informatica e di networking e\/o di innovazione tecnologica in ambito Industria\/Impresa 4.0.<\/li>\n<li>Scuole in diverse discipline tecnico-scientifiche:\n<ul>\n<li><a href=\"https:\/\/www.universoscuola.it\/cosa-posso-insegnare-con-la-mia-laurea-in-informatica.htm\" target=\"_blank\" rel=\"noreferrer noopener\">Cosa si pu\u00f2 insegnare con una laurea magistrale in Informatica<\/a>.<\/li>\n<li><a href=\"https:\/\/www.classidiconcorso.it\/titoli-di-studio\/LM-01800\/lm-18-informatica.html\" target=\"_blank\" rel=\"noreferrer noopener\">Classi di concorso per LM-18 Informatica<\/a>.<\/li>\n<\/ul>\n<\/li>\n<\/ul>\n<p>I principali profili professionali in uscita dal Corso di Laurea Magistrale sono elencati di seguito.<\/p>\n<h5 style=\"font-style: normal; font-weight: bold;\">Mobile\/IoT system and application designer\/developer<\/h5>\n<table>\n<tbody>\n<tr>\n<td><em>Funzione in un contesto di lavoro:<\/em> Progetta ed \u00e8 in grado di realizzare soluzioni applicative, con particolare attenzione verso periferiche mobili e dispositivi intelligenti, in conformit\u00e0 a requisiti tecnici, di trattamento e analisi dei dati e di user experience. Progetta e sviluppa software di sistema e di rete per ambienti mobili e per reti di sensori e dispositivi smart, con particolare attenzione verso l&#8217;impiego nell&#8217;Industria e Impresa 4.0, in conformit\u00e0 a requisiti aziendali specifici ed esigenze di innovazione tecnologica nelle linee di produzione ed erogazione dei servizi e nei sistemi informativi.<\/td>\n<\/tr>\n<tr>\n<td><em>Competenze associate alla funzione:<\/em> \u00c8 in grado di utilizzare competenze relative a:<br \/>\n&#8211; tecniche e linguaggi di programmazione per applicazioni user-friendly in ambiente mobile e per dispositivi intelligenti;<br \/>\n&#8211; applicazione di tecniche di apprendimento e di analisi per l\u2019elaborazione dei dati trattati dalle applicazioni per ambiente mobile e per dispositivi intelligenti;<br \/>\n&#8211; applicazione di tecniche di calcolo distribuito e gestione delocalizzata di servizi e dati.<\/td>\n<\/tr>\n<tr>\n<td><em>Sbocchi occupazionali:<\/em> Ha sbocchi professionali in:<br \/>\n&#8211; societ\u00e0 di ricerca e\/o sviluppo software;<br \/>\n&#8211; aziende ed enti di servizi digitali rivolti a persone o gruppi, anche in modalit\u00e0 crowdsourcing;<br \/>\n&#8211; organizzazioni pubbliche e private con esigenze specifiche di sviluppo, personalizzazione e mantenimento di applicazioni mobili;<br \/>\n&#8211; contesti industriali che richiedono la progettazione di sistemi IoT e la loro integrazione nella rete aziendale e nei relativi sistemi informativi e di analisi.<br \/>\nPu\u00f2 inoltre svolgere attivit\u00e0 di consulenza come software engineer, specialista integrazione e collaudo software e analista di sistemi software, in tutti i contesti legati alle applicazioni mobili e in ambito Industria e Impresa 4.0.<\/td>\n<\/tr>\n<\/tbody>\n<\/table>\n<h5 style=\"font-style: normal; font-weight: bold;\">Security\/Network specialist<\/h5>\n<table>\n<tbody>\n<tr>\n<td><em>Funzione in un contesto di lavoro:<\/em> Progetta e realizza soluzioni software e di rete per l&#8217;intera filiera legata al trattamento e al trasferimento dell&#8217;informazione da dispositivi smart periferici (reti di sensori, dispositivi mobili) e il cloud, anche attraverso soluzioni tecnologiche innovative di edge e fog computing. Definisce e implementa le politiche di sicurezza per sistemi informativi e di comunicazione, assicurando diffusione e protezione dei dati ai diversi livelli di distribuzione e gestione, dai dispositivi mobili al cloud.<\/td>\n<\/tr>\n<tr>\n<td><em>Competenze associate alla funzione:<\/em> \u00c8 in grado di utilizzare competenze relative a:<br \/>\n&#8211; progettazione e analisi di sistemi distribuiti e sistemi di calcolo;<br \/>\n&#8211; tecniche di trattamento e analisi dei dati;<br \/>\n&#8211; metodi per il trattamento sicuro dell&#8217;informazione e la protezione dei dati rispetto a requisiti di confidenzialit\u00e0, integrit\u00e0, autenticit\u00e0 e privacy, lungo la filiera di collegamento dai dispositivi mobili al cloud.<\/td>\n<\/tr>\n<tr>\n<td><em>Sbocchi occupazionali:<\/em> Ha sbocchi professionali in aziende pubbliche e private che hanno necessit\u00e0 di gestire sistemi informativi e servizi distribuiti o apparati di reti wireless e dispositivi mobili; pu\u00f2 svolgere attivit\u00e0 di consulenza per progettazione e analisi di sistemi distribuiti. Ha sbocchi professionali in aziende pubbliche e private, o come consulente, per ruoli di ICT security manager e specialist.<\/td>\n<\/tr>\n<\/tbody>\n<\/table>\n<h5 style=\"font-style: normal; font-weight: bold;\">Big data analyst<\/h5>\n<table>\n<tbody>\n<tr>\n<td><em>Funzione in un contesto di lavoro:<\/em> Progetta sistemi di trattamento, trasferimento e analisi di grandi quantit\u00e0 di dati, anche sensibili, secondo principi di correttezza e sicurezza e nel rispetto di norme etiche e rispetto della privacy; applica tecniche di analisi finalizzate all\u2019estrazione di informazioni utili per valutazioni di natura sociale o economica.<\/td>\n<\/tr>\n<tr>\n<td><em>Competenze associate alla funzione:<\/em> \u00c8 in grado di utilizzare competenze relative a:<br \/>\n&#8211; tecniche di analisi numerica e statistica dei dati;<br \/>\n&#8211; tecniche di machine learning per analisi predittiva;<br \/>\n&#8211; metodologie di gestione e protezione dei dati sensibili;<br \/>\n&#8211; principi di etica digitale sul trattamento delle informazioni;<br \/>\n&#8211; metodi quantitativi per analisi di dati a impatto sociale o economico.<\/td>\n<\/tr>\n<tr>\n<td><em>Sbocchi occupazionali:<\/em> Ha sbocchi professionali, anche come consulente, in aziende e organizzazioni pubbliche e private con esigenze specifiche di studio, gestione o analisi di big data, anche in relazione all\u2019impatto sui modelli di business e marketing delle imprese.<\/td>\n<\/tr>\n<\/tbody>\n<\/table>\n<h5 style=\"font-style: normal; font-weight: bold;\">Ingegnere dell&#8217;Informazione Senior<\/h5>\n<table>\n<tbody>\n<tr>\n<td><em>Funzione in un contesto di lavoro:<\/em> La laurea consente, previo superamento del relativo Esame di Stato, di conseguire l&#8217;abilitazione per la professione di Ingegnere dell\u2019Informazione Senior (Sezione A, Settore Terzo dell\u2019Informazione). Concorre alle attivit\u00e0 di pianificazione, progettazione, sviluppo, direzione lavori, stima, collaudo e gestione di impianti e sistemi elettronici, di automazione e di generazione, trasmissione ed elaborazione delle informazioni.<\/td>\n<\/tr>\n<tr>\n<td><em>Competenze associate alla funzione:<\/em> \u00c8 in grado di utilizzare competenze relative a:<br \/>\n&#8211; progettazione e realizzazione di sistemi distribuiti e reti di dispositivi intelligenti mobili;<br \/>\n&#8211; metodologie di gestione, protezione e analisi automatiche dell&#8217;informazione;<br \/>\n&#8211; tecniche di calcolo distribuito, delocalizzazione di servizi e dati, comunicazione sicura.<\/td>\n<\/tr>\n<tr>\n<td><em>Sbocchi occupazionali:<\/em> Ha sbocchi professionali in aziende pubbliche e private, a ricoprire ruoli di gestione di appalti in ambito ICT, coordinamento delle attivit\u00e0 volte a garantire la sicurezza dei sistemi ICT e responsabilit\u00e0 dell&#8217;innovazione e della transizione digitale in ambito Industria e Impresa 4.0. Pu\u00f2 inoltre svolgere attivit\u00e0 di consulenza e la libera professione nei suddetti ambiti.<\/td>\n<\/tr>\n<\/tbody>\n<\/table>\n[\/vc_column_text][\/vc_column][\/vc_row]\n<\/div>","protected":false},"excerpt":{"rendered":"<p>[vc_row][vc_column css=&#8221;.vc_custom_1759911844770{margin-bottom: 20px !important;}&#8221;][vc_column_text]Chi si laurea in Informatica e Innovazione Digitale ha ottime prospettive nel mercato del lavoro come dimostrato dai dati pubblicati da AlmaLaurea. Le opportunit\u00e0 di lavoro sono veicolate sia da chi funge da Responsabile Tirocini e Job Placement del Corso di Laurea Magistrale che dall&#8217;Ufficio Placement dell&#8217;Ateneo. Gli sbocchi occupazionali sono presso:&hellip;<\/p>\n","protected":false},"author":5,"featured_media":0,"parent":804,"menu_order":0,"comment_status":"closed","ping_status":"closed","template":"","meta":{"_acf_changed":false,"footnotes":""},"class_list":["post-1042","page","type-page","status-publish","hentry","entry","no-media"],"acf":[],"_links":{"self":[{"href":"https:\/\/informatica.uniurb.it\/magistrale\/wp-json\/wp\/v2\/pages\/1042","targetHints":{"allow":["GET"]}}],"collection":[{"href":"https:\/\/informatica.uniurb.it\/magistrale\/wp-json\/wp\/v2\/pages"}],"about":[{"href":"https:\/\/informatica.uniurb.it\/magistrale\/wp-json\/wp\/v2\/types\/page"}],"author":[{"embeddable":true,"href":"https:\/\/informatica.uniurb.it\/magistrale\/wp-json\/wp\/v2\/users\/5"}],"replies":[{"embeddable":true,"href":"https:\/\/informatica.uniurb.it\/magistrale\/wp-json\/wp\/v2\/comments?post=1042"}],"version-history":[{"count":48,"href":"https:\/\/informatica.uniurb.it\/magistrale\/wp-json\/wp\/v2\/pages\/1042\/revisions"}],"predecessor-version":[{"id":1916,"href":"https:\/\/informatica.uniurb.it\/magistrale\/wp-json\/wp\/v2\/pages\/1042\/revisions\/1916"}],"up":[{"embeddable":true,"href":"https:\/\/informatica.uniurb.it\/magistrale\/wp-json\/wp\/v2\/pages\/804"}],"wp:attachment":[{"href":"https:\/\/informatica.uniurb.it\/magistrale\/wp-json\/wp\/v2\/media?parent=1042"}],"curies":[{"name":"wp","href":"https:\/\/api.w.org\/{rel}","templated":true}]}}